{"id":22334,"date":"2023-07-04T11:38:52","date_gmt":"2023-07-04T09:38:52","guid":{"rendered":"https:\/\/www.clg-la-grange-du-bois-savigny-le-temple.fr\/?page_id=22334"},"modified":"2023-09-01T17:00:10","modified_gmt":"2023-09-01T15:00:10","slug":"quest-ce-que-cest","status":"publish","type":"page","link":"https:\/\/www.clg-la-grange-du-bois-savigny-le-temple.fr\/?page_id=22334","title":{"rendered":"Le PAD, qu&#8217;est-ce que c&#8217;est ?"},"content":{"rendered":"\n<p>Le <strong>P<\/strong>arcours d\u2019<strong>A<\/strong>ccompagnement et de<strong> D<\/strong>\u00e9couverte (<strong>PAD<\/strong>) est un dispositif propos\u00e9 aux \u00e9l\u00e8ves de 4<sup>\u00e8me<\/sup>\u00a0afin d\u2019entamer une r\u00e9flexion concernant leur orientation et, ainsi, anticiper un des enjeux de la classe de 3<sup>\u00e8me<\/sup>. L\u2019objectif est que chaque \u00e9l\u00e8ve ait d\u00e9j\u00e0 d\u00e9couvert quelques domaines professionnels et fili\u00e8res possibles apr\u00e8s les ann\u00e9es coll\u00e8ge. Il s\u2019agit d\u2019un moyen pour l\u2019\u00e9l\u00e8ve de se centrer sur lui-m\u00eame en explorant ses ambitions, ses doutes et ses interrogations lors de s\u00e9ances collectives et\/ou individuelles.\u00a0<\/p>\n","protected":false},"excerpt":{"rendered":"<p>Le Parcours d\u2019Accompagnement et de D\u00e9couverte (PAD) est un dispositif propos\u00e9 aux \u00e9l\u00e8ves de 4\u00e8me\u00a0afin d\u2019entamer une r\u00e9flexion concernant leur orientation et, ainsi, anticiper un [&#8230;]<\/p>\n","protected":false},"author":21,"featured_media":0,"parent":0,"menu_order":0,"comment_status":"closed","ping_status":"closed","template":"","meta":{"footnotes":""},"_links":{"self":[{"href":"https:\/\/www.clg-la-grange-du-bois-savigny-le-temple.fr\/index.php?rest_route=\/wp\/v2\/pages\/22334"}],"collection":[{"href":"https:\/\/www.clg-la-grange-du-bois-savigny-le-temple.fr\/index.php?rest_route=\/wp\/v2\/pages"}],"about":[{"href":"https:\/\/www.clg-la-grange-du-bois-savigny-le-temple.fr\/index.php?rest_route=\/wp\/v2\/types\/page"}],"author":[{"embeddable":true,"href":"https:\/\/www.clg-la-grange-du-bois-savigny-le-temple.fr\/index.php?rest_route=\/wp\/v2\/users\/21"}],"replies":[{"embeddable":true,"href":"https:\/\/www.clg-la-grange-du-bois-savigny-le-temple.fr\/index.php?rest_route=%2Fwp%2Fv2%2Fcomments&post=22334"}],"version-history":[{"count":2,"href":"https:\/\/www.clg-la-grange-du-bois-savigny-le-temple.fr\/index.php?rest_route=\/wp\/v2\/pages\/22334\/revisions"}],"predecessor-version":[{"id":22631,"href":"https:\/\/www.clg-la-grange-du-bois-savigny-le-temple.fr\/index.php?rest_route=\/wp\/v2\/pages\/22334\/revisions\/22631"}],"wp:attachment":[{"href":"https:\/\/www.clg-la-grange-du-bois-savigny-le-temple.fr\/index.php?rest_route=%2Fwp%2Fv2%2Fmedia&parent=22334"}],"curies":[{"name":"wp","href":"https:\/\/api.w.org\/{rel}","templated":true}]}}

<p>Le <strong>P</strong>arcours d’<strong>A</strong>ccompagnement et de<strong> D</strong>écouverte (<strong>PAD</strong>) est un dispositif proposé aux élèves de 4<sup>ème</sup> afin d’entamer une réflexion concernant leur orientation et, ainsi, anticiper un des enjeux de la classe de 3<sup>ème</sup>. L’objectif est que chaque élève ait déjà découvert quelques domaines professionnels et filières possibles après les années collège. Il s’agit d’un moyen pour l’élève de se centrer sur lui-même en explorant ses ambitions, ses doutes et ses interrogations lors de séances collectives et/ou individuelles. </p>

<p>Le Parcours d’Accompagnement et de Découverte (PAD) est un dispositif proposé aux élèves de 4ème afin d’entamer une réflexion concernant leur orientation et, ainsi, anticiper un [&#8230;]</p>
