{"id":22470,"date":"2023-07-04T17:55:14","date_gmt":"2023-07-04T15:55:14","guid":{"rendered":"https:\/\/www.clg-la-grange-du-bois-savigny-le-temple.fr\/?page_id=22470"},"modified":"2023-07-06T09:44:34","modified_gmt":"2023-07-06T07:44:34","slug":"horaires","status":"publish","type":"page","link":"https:\/\/www.clg-la-grange-du-bois-savigny-le-temple.fr\/?page_id=22470","title":{"rendered":"Horaires"},"content":{"rendered":"\n<p>Le coll\u00e8ge est ouvert tous les  jours de 8h10 \u00e0 18h et le mercredi de 8h10 \u00e0 12h30. <\/p>\n\n\n\n<p><\/p>\n\n\n\n<p>Les horaires des cours sont les suivants : <\/p>\n\n\n\n<p>M1 : 8h25 &#8211; 9h20<br>M2 : 9h25 &#8211; 10h20<br>R\u00e9cr\u00e9ation<br>M3 : 10h35 &#8211; 11h30<br>M4: 11h35 &#8211; 12h30<\/p>\n\n\n\n<p>PAUSE M\u00c9RIDIENNE<\/p>\n\n\n\n<p>S1 : 12h55 &#8211; 13h50<br>S2 : 13h55 &#8211; 14h50<br>R\u00e9cr\u00e9ation<br>S3 : 15h10 &#8211; 16h05<br>S4 : 16h10 &#8211; 17h05<\/p>\n\n\n\n<p>Les \u00e9l\u00e8ves peuvent \u00eatre accueillis jusqu\u2019\u00e0 18h dans le cadre du dispositif \u00ab\u00a0Devoirs faits\u00a0\u00bb, les lundi, mardi et jeudi. <\/p>\n","protected":false},"excerpt":{"rendered":"<p>Le coll\u00e8ge est ouvert tous les jours de 8h10 \u00e0 18h et le mercredi de 8h10 \u00e0 12h30. Les horaires des cours sont les suivants [&#8230;]<\/p>\n","protected":false},"author":1,"featured_media":0,"parent":0,"menu_order":0,"comment_status":"closed","ping_status":"closed","template":"","meta":{"footnotes":""},"_links":{"self":[{"href":"https:\/\/www.clg-la-grange-du-bois-savigny-le-temple.fr\/index.php?rest_route=\/wp\/v2\/pages\/22470"}],"collection":[{"href":"https:\/\/www.clg-la-grange-du-bois-savigny-le-temple.fr\/index.php?rest_route=\/wp\/v2\/pages"}],"about":[{"href":"https:\/\/www.clg-la-grange-du-bois-savigny-le-temple.fr\/index.php?rest_route=\/wp\/v2\/types\/page"}],"author":[{"embeddable":true,"href":"https:\/\/www.clg-la-grange-du-bois-savigny-le-temple.fr\/index.php?rest_route=\/wp\/v2\/users\/1"}],"replies":[{"embeddable":true,"href":"https:\/\/www.clg-la-grange-du-bois-savigny-le-temple.fr\/index.php?rest_route=%2Fwp%2Fv2%2Fcomments&post=22470"}],"version-history":[{"count":5,"href":"https:\/\/www.clg-la-grange-du-bois-savigny-le-temple.fr\/index.php?rest_route=\/wp\/v2\/pages\/22470\/revisions"}],"predecessor-version":[{"id":22537,"href":"https:\/\/www.clg-la-grange-du-bois-savigny-le-temple.fr\/index.php?rest_route=\/wp\/v2\/pages\/22470\/revisions\/22537"}],"wp:attachment":[{"href":"https:\/\/www.clg-la-grange-du-bois-savigny-le-temple.fr\/index.php?rest_route=%2Fwp%2Fv2%2Fmedia&parent=22470"}],"curies":[{"name":"wp","href":"https:\/\/api.w.org\/{rel}","templated":true}]}}

<p>Le collège est ouvert tous les  jours de 8h10 à 18h et le mercredi de 8h10 à 12h30. </p>



<p></p>



<p>Les horaires des cours sont les suivants : </p>



<p>M1 : 8h25 &#8211; 9h20<br>M2 : 9h25 &#8211; 10h20<br>Récréation<br>M3 : 10h35 &#8211; 11h30<br>M4: 11h35 &#8211; 12h30</p>



<p>PAUSE MÉRIDIENNE</p>



<p>S1 : 12h55 &#8211; 13h50<br>S2 : 13h55 &#8211; 14h50<br>Récréation<br>S3 : 15h10 &#8211; 16h05<br>S4 : 16h10 &#8211; 17h05</p>



<p>Les élèves peuvent être accueillis jusqu’à 18h dans le cadre du dispositif « Devoirs faits », les lundi, mardi et jeudi. </p>

<p>Le collège est ouvert tous les jours de 8h10 à 18h et le mercredi de 8h10 à 12h30. Les horaires des cours sont les suivants [&#8230;]</p>
