{"id":23,"date":"2010-08-27T21:22:57","date_gmt":"2010-08-27T21:22:57","guid":{"rendered":"http:\/\/www.clg-la-grange-du-bois-savigny-le-temple.fr\/?page_id=23"},"modified":"2023-07-05T17:45:28","modified_gmt":"2023-07-05T15:45:28","slug":"dp6","status":"publish","type":"page","link":"https:\/\/www.clg-la-grange-du-bois-savigny-le-temple.fr\/?page_id=23","title":{"rendered":"3\u00e8me Pr\u00e9pa-M\u00e9tiers"},"content":{"rendered":"\n<p><span style=\"font-size: small;\"><span style=\"font-family: Arial;\">Le coll\u00e8ge de la Grange du Bois accueille une classe de <b>3\u00e8me \u00ab Pr\u00e9pa-M\u00e9tiers \u00bb. <\/b><\/span><\/span><\/p>\n\n\n\n<p><span style=\"font-size: small;\"><span style=\"font-family: Arial;\">Il s&#8217;agit d&#8217;une classe de&nbsp; troisi\u00e8me \u00e0 part enti\u00e8re dont les enseignements rel\u00e8vent du cycle d\u2019orientation du coll\u00e8ge. <\/span><\/span><\/p>\n\n\n\n<p>Elle est destin\u00e9e \u00e0 des \u00e9l\u00e8ves volontaires qui souhaitent, durant leur derni\u00e8re ann\u00e9e de coll\u00e8ge, se remotiver sur le plan scolaire et r\u00e9fl\u00e9chir de fa\u00e7on approfondie \u00e0 leur projet de formation.<\/p>\n\n\n\n<p><span style=\"font-size: small;\"><span style=\"font-family: Arial;\">Les principaux objectifs de la classe sont les suivants:<\/span><\/span><\/p>\n\n\n\n<ul>\n<li><span style=\"font-size: small;\"><span style=\"font-family: Arial;\">Cr\u00e9er chez l\u2019\u00e9l\u00e8ve une dynamique nouvelle afin de relancer les apprentissages scolaires et de construire la volont\u00e9 et la capacit\u00e9 d\u2019entreprendre une formation,<\/span><\/span><\/li>\n\n\n\n<li><span style=\"font-size: small;\"><span style=\"font-family: Arial;\">D\u00e9velopper la connaissance des m\u00e9tiers, de l\u2019environnement \u00e9conomique et social et des diff\u00e9rentes voies de formation (lyc\u00e9es, centre de formation d\u2019apprentis)<\/span><\/span><\/li>\n\n\n\n<li><span style=\"font-size: small;\"><span style=\"font-family: Arial;\">Saisir l\u2019importance du choix qu\u2019il faudra exprimer \u00e0 la fin de la 3\u00e8me.<\/span><\/span><\/li>\n<\/ul>\n\n\n\n<p class=\"has-text-align-center\">&nbsp;<\/p>\n\n\n\n<iframe loading=\"lazy\" src=\"https:\/\/prezi.com\/embed\/fgt0p0pkjg0t\/\" id=\"iframe_container\" frameborder=\"0\" webkitallowfullscreen=\"\" mozallowfullscreen=\"\" allowfullscreen=\"\" allow=\"autoplay; fullscreen\" height=\"315\" width=\"560\"><\/iframe>\n","protected":false},"excerpt":{"rendered":"<p>Le coll\u00e8ge de la Grange du Bois accueille une classe de 3\u00e8me \u00ab Pr\u00e9pa-M\u00e9tiers \u00bb. Il s&#8217;agit d&#8217;une classe de&nbsp; troisi\u00e8me \u00e0 part enti\u00e8re dont [&#8230;]<\/p>\n","protected":false},"author":1,"featured_media":0,"parent":0,"menu_order":0,"comment_status":"closed","ping_status":"open","template":"","meta":{"footnotes":""},"_links":{"self":[{"href":"https:\/\/www.clg-la-grange-du-bois-savigny-le-temple.fr\/index.php?rest_route=\/wp\/v2\/pages\/23"}],"collection":[{"href":"https:\/\/www.clg-la-grange-du-bois-savigny-le-temple.fr\/index.php?rest_route=\/wp\/v2\/pages"}],"about":[{"href":"https:\/\/www.clg-la-grange-du-bois-savigny-le-temple.fr\/index.php?rest_route=\/wp\/v2\/types\/page"}],"author":[{"embeddable":true,"href":"https:\/\/www.clg-la-grange-du-bois-savigny-le-temple.fr\/index.php?rest_route=\/wp\/v2\/users\/1"}],"replies":[{"embeddable":true,"href":"https:\/\/www.clg-la-grange-du-bois-savigny-le-temple.fr\/index.php?rest_route=%2Fwp%2Fv2%2Fcomments&post=23"}],"version-history":[{"count":19,"href":"https:\/\/www.clg-la-grange-du-bois-savigny-le-temple.fr\/index.php?rest_route=\/wp\/v2\/pages\/23\/revisions"}],"predecessor-version":[{"id":22522,"href":"https:\/\/www.clg-la-grange-du-bois-savigny-le-temple.fr\/index.php?rest_route=\/wp\/v2\/pages\/23\/revisions\/22522"}],"wp:attachment":[{"href":"https:\/\/www.clg-la-grange-du-bois-savigny-le-temple.fr\/index.php?rest_route=%2Fwp%2Fv2%2Fmedia&parent=23"}],"curies":[{"name":"wp","href":"https:\/\/api.w.org\/{rel}","templated":true}]}}

3ème Prépa-Métiers

<p><span style="font-size: small;"><span style="font-family: Arial;">Le collège de la Grange du Bois accueille une classe de <b>3ème « Prépa-Métiers ». </b></span></span></p>



<p><span style="font-size: small;"><span style="font-family: Arial;">Il s&#8217;agit d&#8217;une classe de&nbsp; troisième à part entière dont les enseignements relèvent du cycle d’orientation du collège. </span></span></p>



<p>Elle est destinée à des élèves volontaires qui souhaitent, durant leur dernière année de collège, se remotiver sur le plan scolaire et réfléchir de façon approfondie à leur projet de formation.</p>



<p><span style="font-size: small;"><span style="font-family: Arial;">Les principaux objectifs de la classe sont les suivants:</span></span></p>



<ul>
<li><span style="font-size: small;"><span style="font-family: Arial;">Créer chez l’élève une dynamique nouvelle afin de relancer les apprentissages scolaires et de construire la volonté et la capacité d’entreprendre une formation,</span></span></li>



<li><span style="font-size: small;"><span style="font-family: Arial;">Développer la connaissance des métiers, de l’environnement économique et social et des différentes voies de formation (lycées, centre de formation d’apprentis)</span></span></li>



<li><span style="font-size: small;"><span style="font-family: Arial;">Saisir l’importance du choix qu’il faudra exprimer à la fin de la 3ème.</span></span></li>
</ul>



<p class="has-text-align-center">&nbsp;</p>



<iframe loading="lazy" src="https://prezi.com/embed/fgt0p0pkjg0t/" id="iframe_container" frameborder="0" webkitallowfullscreen="" mozallowfullscreen="" allowfullscreen="" allow="autoplay; fullscreen" height="315" width="560"></iframe>

<p>Le collège de la Grange du Bois accueille une classe de 3ème « Prépa-Métiers ». Il s&#8217;agit d&#8217;une classe de&nbsp; troisième à part entière dont [&#8230;]</p>
